5, 23, 2141
List the prime factors of 286442.
2, 13, 23, 479
List the prime factors of 11199738.
2, 3, 11, 169693
List the prime factors of 320279.
53, 6043
What are the prime factors of 26369812?
2, 7, 61, 15439
List the prime factors of 138821.
138821
What are the prime factors of 5623145?
5, 11, 19, 5381
What are the prime factors of 1026718?
2, 7, 11, 59, 113
List the prime factors of 266624.
2, 2083
List the prime factors of 2873839.
2873839
List the prime factors of 2137246.
2, 89, 12007
What are the prime factors of 56590?
2, 5, 5659
What are the prime factors of 2753761?
31, 211, 421
What are the prime factors of 496937?
7, 70991
What are the prime factors of 14462918?
2, 7231459
What are the prime factors of 5032447?
7, 31, 3313
List the prime factors of 6634957.
7, 947851
List the prime factors of 383761.
7, 73, 751
List the prime factors of 172440.
2, 3, 5, 479
List the prime factors of 2772206.
2, 31, 61, 733
What are the prime factors of 285294?
2, 3, 17, 2797
What are the prime factors of 2233451?
11, 277, 733
List the prime factors of 13735926.
2, 3, 254369
What are the prime factors of 3554038?
2, 1223, 1453
List the prime factors of 2107208.
2, 263401
What are the prime factors of 6376299?
3, 197, 10789
List the prime factors of 195744.
2, 3, 2039
List the prime factors of 6947222.
2, 3473611
List the prime factors of 218145.
3, 5, 14543
What are the prime factors of 125527?
125527
What are the prime factors of 4017629?
7, 11, 52177
List the prime factors of 11281671.
3, 1253519
List the prime factors of 1972322.
2, 11, 37, 2423
What are the prime factors of 3109352?
2, 137, 2837
List the prime factors of 2547379.
547, 4657
List the prime factors of 357648.
2, 3, 7451
What are the prime factors of 27639615?
3, 5, 1842641
List the prime factors of 273999.
3, 11, 19, 23
What are the prime factors of 15840703?
401, 39503
List the prime factors of 431902.
2, 17, 12703
What are the prime factors of 195265?
5, 7, 797
List the prime factors of 365246.
2, 7, 3727
What are the prime factors of 6060240?
2, 3, 5, 19, 443
What are the prime factors of 641159?
73, 8783
What are the prime factors of 162554?
2, 7, 17, 683
List the prime factors of 5911410.
2, 3, 5, 17, 67, 173
What are the prime factors of 5886552?
2, 3, 7, 37, 947
List the prime factors of 373633.
13, 41, 701
What are the prime factors of 249572?
2, 43, 1451
List the prime factors of 113985.
3, 5, 17, 149
List the prime factors of 6616343.
6616343
List the prime factors of 3012163.
7, 11, 39119
List the prime factors of 11684782.
2, 23, 389, 653
What are the prime factors of 42294189?
3, 7, 2014009
List the prime factors of 1512877.
1512877
What are the prime factors of 96326?
2, 48163
What are the prime factors of 6694365?
3, 5, 19, 83, 283
What are the prime factors of 963184?
2, 37, 1627
List the prime factors of 3109711.
11, 19, 14879
What are the prime factors of 568630?
2, 5, 101, 563
What are the prime factors of 9438166?
2, 29, 162727
List the prime factors of 10323557.
283, 36479
What are the prime factors of 835893?
3, 83, 373
List the prime factors of 13135902.
2, 3, 13, 168409
What are the prime factors of 2018825?
5, 23, 3511
List the prime factors of 24184215.
3, 5, 11, 48857
List the prime factors of 460764.
2, 3, 12799
What are the prime factors of 6639490?
2, 5, 11, 13, 4643
What are the prime factors of 1810545?
3, 5, 11, 10973
List the prime factors of 626946.
2, 3, 104491
What are the prime factors of 566747?
29, 19543
List the prime factors of 1777533.
3, 223, 2657
List the prime factors of 11496665.
5, 23, 99971
What are the prime factors of 1285530?
2, 3, 5, 73, 587
List the prime factors of 277521.
3, 92507
List the prime factors of 8103554.
2, 1553, 2609
List the prime factors of 13168319.
17, 47, 16481
List the prime factors of 474462.
2, 3, 43, 613
List the prime factors of 2558973.
3, 43, 83, 239
List the prime factors of 221865.
3, 5, 7, 2113
What are the prime factors of 1234260?
2, 3, 5, 6857
What are the prime factors of 8959957?
37, 242161
List the prime factors of 2605325.
5, 23, 197
List the prime factors of 39011.
7, 5573
List the prime factors of 283358.
2, 141679
What are the prime factors of 830611?
97, 8563
List the prime factors of 3922940.
2, 5, 7, 4003
What are the prime factors of 280874?
2, 11, 17, 751
List the prime factors of 32910903.
3, 61, 151, 397
List the prime factors of 1940309.
7, 109, 2543
List the prime factors of 237717.
3, 61, 433
List the prime factors of 576555.
3, 5, 7, 17, 19
List the prime factors of 11392854.
2, 3, 11, 172619
List the prime factors of 682923.
3, 233, 977
What are the prime factors of 1815460?
2, 5, 43, 2111
List the prime factors of 55935.
3, 5, 11, 113
What are the prime factors of 912202?
2, 43, 10607
What are the prime factors of 655670?
2, 5, 173, 379
List the prime factors of 1034572.
2, 7, 11, 3359
What are the prime factors of 3438190?
2, 5, 7, 49117
What are the prime factors of 91196?
2, 7, 3257
What are the prime factors of 48044?
2, 12011
What are the prime factors of 10246978?
2, 7, 104561
What are the prime factors of 18979508?
2, 23, 206299
List the prime factors of 4967429.
179, 27751
List the prime factors of 5422320.
2, 3, 5, 17, 443
List the prime factors of 10020.
2, 3, 5, 167
List the prime factors of 1730060.
2, 5, 23, 3761
What are the prime factors of 20250983?
59, 343237
List the prime factors of 115512.
2, 3, 4813
What are the prime factors of 2237669?
7, 29, 73, 151
What are the prime factors of 595083?
3, 293, 677
List the prime factors of 5772516.
2, 3, 481043
What are the prime factors of 7433571?
3, 619, 4003
What are the prime factors of 1758604?
2, 83, 5297
List the prime factors of 6680338.
2, 7, 83, 5749
What are the prime factors of 11701158?
2, 3, 7, 23, 12113
List the prime factors of 348925.
5, 17, 821
What are the prime factors of 52123?
47, 1109
What are the prime factors of 1091485?
5, 17, 12841
What are the prime factors of 19921113?
3, 737819
List the prime factors of 6791876.
2, 7, 13, 47, 397
What are the prime factors of 678095?
5, 11, 12329
What are the prime factors of 162004?
2, 101, 401
List the prime factors of 4717904.
2, 294869
What are the prime factors of 189745?
5, 137, 277
What are the prime factors of 411274?
2, 19, 79, 137
What are the prime factors of 105138?
2, 3, 11, 59
What are the prime factors of 243734?
2, 121867
What are the prime factors of 65134?
2, 29, 1123
What are the prime factors of 9013014?
2, 3, 500723
List the prime factors of 455911.
163, 2797
List the prime factors of 191021.
191021
List the prime factors of 71167.
71167
What are the prime factors of 2630432?
2, 7, 11743
List the prime factors of 395643.
3, 43, 3067
What are the prime factors of 2617586?
2, 79, 16567
List the prime factors of 1631332.
2, 407833
What are the prime factors of 55582?
2, 27791
List the prime factors of 20234.
2, 67, 151
List the prime factors of 142680.
2, 3, 5, 29, 41
What are the prime factors of 1254560?
2, 5, 7841
List the prime factors of 676997.
347, 1951
List the prime factors of 638902.
2, 11, 113, 257
What are the prime factors of 1712567?
1712567
List the prime factors of 96939.
3, 10771
What are the prime factors of 4756504?
2, 594563
What are the prime factors of 68769?
3, 283
List the prime factors of 689454.
2, 3, 38303
What are the prime factors of 271693?
271693
What are the prime factors of 25159805?
5, 11, 47, 9733
List the prime factors of 374320.
2, 5, 4679
What are the prime factors of 2911204?
2, 181, 4021
What are the prime factors of 19832?
2, 37, 67
List the prime factors of 452298.
2, 3, 7, 11, 89
List the prime factors of 44391.
3, 14797
List the prime factors of 209113.
79, 2647
List the prime factors of 6020374.
2, 71, 42397
List the prime factors of 895141.
13, 37, 1861
List the prime factors of 2803998.
2, 3, 467333
List the prime factors of 12262.
2, 6131
What are the prime factors of 19197085?
5, 3839417
What are the prime factors of 2707652?
2, 19, 23, 1549
What are the prime factors of 161166?
2, 3, 26861
What are the prime factors of 10428707?
73, 373, 383
List the prime factors of 31601155.
5, 29, 47, 4637
What are the prime factors of 3180636?
2, 3, 53, 1667
List the prime factors of 72981.
3, 